76?
2, 3, 19, 239
What are the prime factors of 2837445?
3, 5, 13, 14551
List the prime factors of 516737.
13, 39749
What are the prime factors of 1381427?
1381427
List the prime factors of 353145.
3, 5, 13, 1811
List the prime factors of 1802952.
2, 3, 17, 491
List the prime factors of 1972933.
31, 2053
List the prime factors of 6482121.
3, 43, 109, 461
What are the prime factors of 1425275?
5, 47, 1213
What are the prime factors of 6167450?
2, 5, 23, 31, 173
List the prime factors of 6523.
11, 593
List the prime factors of 516482.
2, 258241
List the prime factors of 356651.
83, 4297
List the prime factors of 83777.
83777
List the prime factors of 41755.
5, 7, 1193
What are the prime factors of 87836?
2, 7, 3137
What are the prime factors of 178823?
17, 67, 157
List the prime factors of 22501587.
3, 37, 202717
What are the prime factors of 2669095?
5, 11, 13, 3733
What are the prime factors of 433540?
2, 5, 53, 409
What are the prime factors of 1106388?
2, 3, 73, 421
What are the prime factors of 4832319?
3, 1610773
What are the prime factors of 278738?
2, 139369
What are the prime factors of 432372?
2, 3, 137, 263
List the prime factors of 2250520.
2, 5, 56263
List the prime factors of 54245.
5, 19, 571
List the prime factors of 570050.
2, 5, 13, 877
List the prime factors of 265132.
2, 7, 17, 557
What are the prime factors of 6162244?
2, 11, 43, 3257
List the prime factors of 4393460.
2, 5, 23, 9551
List the prime factors of 144879.
3, 7, 6899
What are the prime factors of 70863?
3, 13, 23, 79
What are the prime factors of 3700772?
2, 925193
What are the prime factors of 404234?
2, 359, 563
What are the prime factors of 2318301?
3, 28621
List the prime factors of 2777375.
5, 17, 1307
What are the prime factors of 1097275?
5, 43891
List the prime factors of 38015.
5, 7603
List the prime factors of 3076059.
3, 7, 29, 5051
List the prime factors of 95707.
95707
List the prime factors of 5125315.
5, 13, 29, 2719
What are the prime factors of 3523738?
2, 23, 76603
List the prime factors of 8642.
2, 29, 149
List the prime factors of 37136.
2, 11, 211
What are the prime factors of 26418880?
2, 5, 82559
List the prime factors of 1446822.
2, 3, 13, 229
What are the prime factors of 2246428?
2, 561607
What are the prime factors of 1959804?
2, 3, 7, 11, 101
What are the prime factors of 71164?
2, 17791
List the prime factors of 771923.
241, 3203
List the prime factors of 2278796.
2, 13, 3371
List the prime factors of 432282.
2, 3, 72047
What are the prime factors of 728572?
2, 13, 14011
List the prime factors of 6645856.
2, 7, 29669
List the prime factors of 8349370.
2, 5, 379, 2203
What are the prime factors of 56929?
56929
List the prime factors of 7363499.
11, 13, 17, 233
List the prime factors of 14494878.
2, 3, 805271
What are the prime factors of 2321124?
2, 3, 13, 14879
What are the prime factors of 6078844?
2, 1519711
What are the prime factors of 171875?
5, 11
List the prime factors of 7340437.
13, 83, 6803
List the prime factors of 70186.
2, 19, 1847
List the prime factors of 293496.
2, 3, 7, 1747
List the prime factors of 551905.
5, 17, 43, 151
What are the prime factors of 1876913?
167, 11239
List the prime factors of 9006855.
3, 5, 11, 13, 17, 19
List the prime factors of 244970.
2, 5, 11, 17, 131
List the prime factors of 8880969.
3, 41, 103, 701
What are the prime factors of 2302244?
2, 7, 82223
What are the prime factors of 1730201?
11, 157291
What are the prime factors of 825754?
2, 127, 3251
List the prime factors of 230125.
5, 7, 263
What are the prime factors of 25569114?
2, 3, 4261519
What are the prime factors of 895777?
895777
What are the prime factors of 737668?
2, 184417
List the prime factors of 29611.
29611
What are the prime factors of 10256967?
3, 7, 17, 61, 157
List the prime factors of 2704535.
5, 540907
What are the prime factors of 86190?
2, 3, 5, 13, 17
List the prime factors of 256303.
73, 3511
List the prime factors of 328411.
328411
What are the prime factors of 2222088?
2, 3, 11, 19, 443
List the prime factors of 63255.
3, 5, 4217
List the prime factors of 7089233.
2437, 2909
What are the prime factors of 751757?
17, 44221
List the prime factors of 94308.
2, 3, 29, 271
List the prime factors of 2281442.
2, 1140721
What are the prime factors of 5039455?
5, 1007891
List the prime factors of 357221.
17, 21013
List the prime factors of 14187723.
3, 11, 429931
List the prime factors of 1011501.
3, 37463
List the prime factors of 7233708.
2, 3, 617, 977
What are the prime factors of 3932506?
2, 19, 239, 433
List the prime factors of 286924.
2, 11, 6521
List the prime factors of 12567204.
2, 3, 13, 8951
What are the prime factors of 72547?
72547
What are the prime factors of 2412392?
2, 19, 59, 269
List the prime factors of 66600.
2, 3, 5, 37
What are the prime factors of 167735?
5, 33547
What are the prime factors of 3824040?
2, 3, 5, 11, 2897
What are the prime factors of 1195488?
2, 3, 7, 593
List the prime factors of 39789564.
2, 3, 571, 5807
List the prime factors of 2379764.
2, 23, 25867
List the prime factors of 1931423.
13, 101, 1471
List the prime factors of 12551245.
5, 7, 358607
What are the prime factors of 3294685?
5, 17, 83, 467
List the prime factors of 422944.
2, 13217
List the prime factors of 58381.
79, 739
What are the prime factors of 230402?
2, 115201
What are the prime factors of 520169?
13, 40013
What are the prime factors of 1943660?
2, 5, 157, 619
List the prime factors of 27994.
2, 13997
List the prime factors of 95700.
2, 3, 5, 11, 29
List the prime factors of 2475242.
2, 7, 11, 16073
List the prime factors of 263376.
2, 3, 31, 59
List the prime factors of 8314320.
2, 3, 5, 7, 101
List the prime factors of 428358.
2, 3, 7, 31, 47
List the prime factors of 2023825.
5, 80953
What are the prime factors of 1032905?
5, 337, 613
What are the prime factors of 1852556?
2, 271, 1709
List the prime factors of 4737242.
2, 389, 6089
List the prime factors of 9748549.
9748549
List the prime factors of 5349948.
2, 3, 445829
What are the prime factors of 253911?
3, 7, 107, 113
List the prime factors of 3528140.
2, 5, 7, 11, 29, 79
List the prime factors of 148666.
2, 7, 37, 41
List the prime factors of 374826.
2, 3, 179, 349
What are the prime factors of 32427863?
13, 2494451
List the prime factors of 83298.
2, 3, 13883
What are the prime factors of 8450119?
193, 43783
List the prime factors of 6151153.
6151153
List the prime factors of 671908.
2, 17, 41, 241
List the prime factors of 19500580.
2, 5, 11, 137, 647
What are the prime factors of 83889?
3, 13, 239
List the prime factors of 3245866.
2, 13, 127, 983
What are the prime factors of 756942?
2, 3, 17, 41, 181
List the prime factors of 163804.
2, 31, 1321
List the prime factors of 7806357.
3, 13, 66721
What are the prime factors of 16569931?
7, 89, 26597
List the prime factors of 699041.
7, 37, 2699
What are the prime factors of 3290472?
2, 3, 23, 1987
List the prime factors of 15405.
3, 5, 13, 79
What are the prime factors of 6330588?
2, 3, 11, 199, 241
What are the prime factors of 4059989?
277, 14657
What are the prime factors of 324809?
324809
What are the prime factors of 13530216?
2, 3, 7, 80537
List the prime factors of 13033310.
2, 5, 1303331
What are the prime factors of 6562097?
6562097
What are the prime factors of 2430208?
2, 11, 863
List the prime factors of 1364607.
3, 17, 991
List the prime factors of 258056.
2, 32257
List the prime factors of 39285.
3, 5, 97
What are the prime factors of 13772978?
2, 6886489
List the prime factors of 2527625.
5, 73, 277
What are the prime factors of 4278051?
3, 29, 37, 443
List the prime factors of 549503.
549503
What are the prime factors of 1904712?
2, 3, 19, 4177
List the prime factors of 18055825.
5, 151, 4783
What are the prime factors of 2098168?
2, 262271
What are the prime factors of 17205655?
5, 53, 64927
What are the prime factors of 638005?
5, 127601
List the prime factors of 225755.
5, 163, 277
What are the prime factors of 649352?
2, 11, 47, 157
What are the prime factors of 2028826?
2, 31, 43, 761
List the prime factors of 578478.
2, 3, 67, 1439
What are the prime factors of 175974?
2, 3, 139, 211
What are the prime factors of 1735371?
3, 11, 5843
List the prime factors of 4301471.
79,